31, 1949, 2017
What are the prime factors of 6971021829?
3, 774557981
List the prime factors of 133288128.
2, 3, 23, 10061
List the prime factors of 267598001.
11, 24327091
What are the prime factors of 2040185618?
2, 1020092809
What are the prime factors of 85174184?
2, 739, 14407
List the prime factors of 1549905495.
3, 5, 103327033
List the prime factors of 385415.
5, 19, 4057
List the prime factors of 57551725.
5, 7, 11, 4271
List the prime factors of 176509812.
2, 3, 14709151
List the prime factors of 158887490.
2, 5, 15888749
List the prime factors of 551760116.
2, 137940029
List the prime factors of 80015913.
3, 8890657
What are the prime factors of 1949583022?
2, 457, 2133023
What are the prime factors of 4118113?
461, 8933
What are the prime factors of 80388936?
2, 3, 131, 947
List the prime factors of 132588589.
7, 18941227
What are the prime factors of 1864347605?
5, 372869521
List the prime factors of 58954875.
3, 5, 7, 37, 607
List the prime factors of 124003951.
124003951
What are the prime factors of 38763236?
2, 59, 164251
What are the prime factors of 8584426848?
2, 3, 89421113
What are the prime factors of 1487948682?
2, 3, 11, 22544677
What are the prime factors of 1249580307?
3, 1217, 342257
What are the prime factors of 117241607?
7, 43, 389507
List the prime factors of 872648175.
3, 5, 7, 23, 72269
What are the prime factors of 27597582?
2, 3, 1533199
List the prime factors of 5017778.
2, 1201, 2089
What are the prime factors of 239723896?
2, 29965487
What are the prime factors of 382181064?
2, 3, 23, 47, 14731
What are the prime factors of 55009417?
37, 59, 113, 223
List the prime factors of 1331330830.
2, 5, 11251, 11833
What are the prime factors of 508379908?
2, 1481, 85817
List the prime factors of 2067898551.
3, 6263, 110059
What are the prime factors of 289936155?
3, 5, 101, 211, 907
List the prime factors of 899958669.
3, 12547, 23909
List the prime factors of 242212090.
2, 5, 17, 61, 23357
What are the prime factors of 1304904545?
5, 7, 31, 171811
What are the prime factors of 22513363?
22513363
List the prime factors of 420461067.
3, 13, 521, 20693
What are the prime factors of 8562512324?
2, 37, 41, 877, 1609
List the prime factors of 231181752.
2, 3, 9632573
List the prime factors of 146684162.
2, 73342081
List the prime factors of 23093576.
2, 11, 23857
List the prime factors of 3156121062.
2, 3, 53, 3308303
List the prime factors of 117064500.
2, 3, 5, 7, 11149
What are the prime factors of 44465640?
2, 3, 5, 370547
What are the prime factors of 69898094?
2, 7, 79, 63199
What are the prime factors of 296722271?
761, 389911
What are the prime factors of 192344827?
192344827
List the prime factors of 1265465694.
2, 3, 31, 47, 144757
List the prime factors of 41417306.
2, 7, 2958379
List the prime factors of 20176026.
2, 3, 13, 37, 6991
List the prime factors of 812042003.
27407, 29629
What are the prime factors of 21960589?
7, 347, 9041
List the prime factors of 1048280870.
2, 5, 7, 13, 83, 13879
What are the prime factors of 360301829?
29, 12424201
List the prime factors of 92244698.
2, 7, 13, 53, 73, 131
What are the prime factors of 998095328?
2, 349, 89371
What are the prime factors of 76557720?
2, 3, 5, 653, 977
What are the prime factors of 123885005?
5, 97, 179, 1427
What are the prime factors of 1057947167?
4987, 212141
List the prime factors of 979840351.
7, 827, 169259
What are the prime factors of 430768654?
2, 109, 223, 8861
What are the prime factors of 63604527?
3, 7, 569, 5323
What are the prime factors of 63122984?
2, 7890373
What are the prime factors of 1482624578?
2, 787, 941947
What are the prime factors of 16696629?
3, 397, 4673
What are the prime factors of 751855563?
3, 2927, 28541
List the prime factors of 30491575.
5, 1219663
List the prime factors of 83816693.
467, 179479
What are the prime factors of 90575459?
13, 31, 317, 709
What are the prime factors of 5278327180?
2, 5, 7, 109, 113, 3061
List the prime factors of 28833646.
2, 373, 38651
What are the prime factors of 48352096?
2, 13, 47, 2473
What are the prime factors of 30734044?
2, 11, 59, 11839
List the prime factors of 31265786.
2, 23, 679691
What are the prime factors of 999281598?
2, 3, 7, 23, 147779
What are the prime factors of 1295026060?
2, 5, 64751303
What are the prime factors of 2591294102?
2, 181, 7158271
What are the prime factors of 102957711?
3, 431, 79627
List the prime factors of 245454135.
3, 5, 97, 168697
What are the prime factors of 259058759?
5179, 50021
What are the prime factors of 568916800?
2, 5, 355573
List the prime factors of 372112713.
3, 7, 843793
List the prime factors of 383183891.
79, 503, 9643
List the prime factors of 1321505785.
5, 29, 9113833
What are the prime factors of 81035449?
11, 97, 173, 439
What are the prime factors of 175985328?
2, 3, 23, 159407
What are the prime factors of 6362415138?
2, 3, 17, 31, 331, 6079
List the prime factors of 22030208.
2, 109, 1579
What are the prime factors of 219436009?
13, 43, 79, 4969
What are the prime factors of 65295121?
37, 1764733
List the prime factors of 1287090120.
2, 3, 5, 23, 79, 5903
List the prime factors of 1087731183.
3, 7, 11, 4708793
List the prime factors of 2613202114.
2, 269, 4857253
List the prime factors of 87018648.
2, 3, 17, 213281
List the prime factors of 233986779.
3, 13, 37, 43, 419
List the prime factors of 34234248.
2, 3, 1426427
List the prime factors of 5245384953.
3, 21487, 81373
List the prime factors of 7627021213.
7, 1319, 826061
What are the prime factors of 6865078717?
7, 113, 199, 43613
What are the prime factors of 59325196?
2, 7, 31, 41, 1667
What are the prime factors of 32441184?
2, 3, 112643
What are the prime factors of 132851841?
3, 23, 1925389
List the prime factors of 154467227.
67, 2305481
List the prime factors of 112892125.
5, 691, 1307
What are the prime factors of 306662?
2, 107, 1433
List the prime factors of 118138028.
2, 23, 43, 29863
What are the prime factors of 74361431?
74361431
List the prime factors of 171525091.
171525091
List the prime factors of 2464322292.
2, 3, 1201, 2111
List the prime factors of 469753796.
2, 19, 431, 14341
List the prime factors of 5300360748.
2, 3, 127, 887, 1307
List the prime factors of 96498847.
96498847
List the prime factors of 4980428274.
2, 3, 29, 28623151
List the prime factors of 8200925086.
2, 17, 11971, 20149
List the prime factors of 2122333928.
2, 11, 13, 1855187
What are the prime factors of 48178477?
37, 1302121
What are the prime factors of 861963174?
2, 3, 37, 47, 67, 137
What are the prime factors of 2252993406?
2, 3, 313, 1199677
What are the prime factors of 577483811?
41, 911, 15461
List the prime factors of 252414301.
71, 3555131
What are the prime factors of 7774718140?
2, 5, 7, 55533701
List the prime factors of 722727585.
3, 5, 607, 26459
What are the prime factors of 307372634?
2, 153686317
List the prime factors of 14168732.
2, 59, 60037
List the prime factors of 2296155259.
2296155259
What are the prime factors of 107199780?
2, 3, 5, 23, 77681
List the prime factors of 6474341342.
2, 7, 137, 3375569
What are the prime factors of 244026097?
7, 29, 1202099
What are the prime factors of 1055917144?
2, 29, 1931, 2357
List the prime factors of 6014041591.
113, 3061, 17387
List the prime factors of 607924778.
2, 303962389
What are the prime factors of 55924904?
2, 7, 19, 52561
List the prime factors of 1495229182.
2, 747614591
What are the prime factors of 2593749800?
2, 5, 12968749
What are the prime factors of 363039584?
2, 41, 276707
List the prime factors of 103365927.
3, 7, 1640729
List the prime factors of 121281458.
2, 6971, 8699
What are the prime factors of 2096590022?
2, 41, 113, 226267
List the prime factors of 7079778294.
2, 3, 29, 167, 243643
List the prime factors of 1353800760.
2, 3, 5, 13, 227, 3823
List the prime factors of 26407836.
2, 3, 7, 13, 2687
List the prime factors of 3902656655.
5, 780531331
What are the prime factors of 608031767?
7, 37, 67, 947
List the prime factors of 1021750807.
7, 11, 401, 33091
List the prime factors of 51763388.
2, 12940847
List the prime factors of 52938602.
2, 1453, 18217
What are the prime factors of 2920544474?
2, 109, 3089, 4337
List the prime factors of 337176552.
2, 3, 14049023
Li